*-2 + 3. List the prime factors of (-30)/((-12)/m - 5).
3, 5
Suppose 4*y - f - 4 = 16, -4*y = 4*f - 20. Suppose -11 = -4*b + a, 3*a = -y*b + 6 + 29. Suppose p + 18 = b*p. List the prime factors of p.
2, 3
Let y(u) = 3*u**3 - 2*u**2 - 2*u. Suppose 2*n = 2*v - 0*n, 5*v = 4*n + 4. Suppose -v*m + 5*l = -m - 16, 5*m + l - 8 = 0. What are the prime factors of y(m)?
2, 3
Let j(l) = l**2 + 6*l + 1. Let n be j(-5). Let z be (1/(-2))/((-3)/90). What are the prime factors of (n/5)/((-3)/z)?
2
Let v(d) = d**2 + 3*d + 5. Let u be v(-4). Let o = 6 + u. List the prime factors of o.
3, 5
Suppose 5*x - m = 11, 10 = 3*x - m - 3*m. Let d be (-3)/(-9) + x/3. List the prime factors of 4/(-8)*(-31 + d).
3, 5
Let g be (1/2 - 0)*24. Suppose 0 = 4*z - 0*z - 3*l - 33, g = 4*z + 4*l. What are the prime factors of z?
2, 3
Let o = -446 + 707. List the prime factors of o.
3, 29
Let g(a) = -a + 1. Let k(j) = -j**3 - 6*j**2 + 7*j - 8. Let x be k(-7). List the prime factors of g(x).
3
Let p(b) = b**3 + 10*b**2 + 8*b - 8. Let z be p(-9). Suppose 4*t + 3*q - 34 = q, 0 = -2*t + 3*q - 3. Let u = t - z. What are the prime factors of u?
5
Let c(w) be the second derivative of w**3/2 + 6*w. What are the prime factors of c(7)?
3, 7
Suppose a - y = -12, -2*a - 29 = 2*y - 3*y. Let r = 43 + a. Suppose h - r = -h. What are the prime factors of h?
13
Suppose 0 = -3*m - 3*l + 405, -20 = -0*l - 5*l. What are the prime factors of m?
131
Suppose 2*b - 5 = -3*b. List the prime factors of -2*(1 - b - 1).
2
Let r(p) = p**3 + 0*p**3 + 10*p**2 - 10 - 7*p + 0*p**2 - 2*p**2. What are the prime factors of r(-8)?
2, 23
Let z = 2 + 4. What are the prime factors of z?
2, 3
Suppose -20 = -3*v + 40. What are the prime factors of v?
2, 5
Suppose 3*g + 7 = 4*c, 2*g = g + 3*c - 4. Let v = g - -4. Suppose -4*d - 3*n = -0*n - 37, v*d - 2*n = 32. What are the prime factors of d?
2, 5
Let g be (-4)/(-18) + 22/(-18). Suppose 0*y - 5*y = -30. Let z = g + y. What are the prime factors of z?
5
Let o = -15 - -21. Suppose o*l - 3*l = 9. Suppose 2*n = g + 7, 5*n - 3*g - 15 - l = 0. List the prime factors of n.
3
Let w be (-15)/(-3)*(-40)/(-25). Let u = w + 36. List the prime factors of u.
2, 11
Let s(i) = i**2 - 2*i. Let m(w) = -w**2 + w + 1. Let n(o) = -4*m(o) - 3*s(o). Let b = -41 - -36. List the prime factors of n(b).
11
What are the prime factors of 492/42 - 4/(-14)?
2, 3
Let g be (2 - 7/1)/(-1). Let c = -3 + g. Suppose -c*m + 8 = 4. What are the prime factors of m?
2
Let p be 6 + (-6 - -3) - -1. Suppose -7*r = -p*r + l - 64, 2*r - 3*l - 61 = 0. What are the prime factors of r?
23
Let d(m) be the third derivative of -m**4/24 - 4*m**3/3 - 5*m**2. List the prime factors of d(-11).
3
Suppose -x + 3*x - 2*p = 10, -5*p = 5. Let n be 0 + 10*1 + 0. What are the prime factors of (n/x - 1)*2?
3
Let c(z) = z**3 - 7*z**2 + z + 9. Let x be c(7). Let n = x + 3. List the prime factors of n.
19
Let v = 4 + -4. Let n be (2 - -1 - 2)*v. Let d = 12 - n. List the prime factors of d.
2, 3
Suppose -4*v - 10 = h - 24, -5*h + 2*v = -26. List the prime factors of h.
2, 3
Suppose c - 5*j - 127 = -24, 2*c + 2*j - 242 = 0. List the prime factors of c.
2, 59
Let d = 44 - 36. List the prime factors of d.
2
Suppose 0 = -8*k + 396 - 4. List the prime factors of k.
7
Suppose 2*b - 10 = 4*b. Let c = 11 - b. List the prime factors of c.
2
Suppose -5*x = -14 + 64. Let i be 8/12 + 86/6. Let w = i + x. What are the prime factors of w?
5
Let k(x) = -x**2 + 9*x - 5. Let s be k(8). Suppose -33 = -3*d - s*l, 4*l - 63 = -5*d + 3*l. What are the prime factors of d?
13
What are the prime factors of (-3 + 2/(-2))/(-2)?
2
Suppose -2*w = 10, 2*l + w = l + 24. List the prime factors of l.
29
Suppose -a = -5*k + 15, -6 - 15 = k - 5*a. Let z be (-2)/4 + 10/k. Suppose 0 = z*w - 6*w + 52. What are the prime factors of w?
13
Let a(m) = -2*m + 11. Suppose -2*n + 2*d - 24 = -4*n, -n = -4*d - 2. Let p be a(n). List the prime factors of 0/2 + -2 - p.
7
Let i = 3 + 8. Let t = i + 19. What are the prime factors of t?
2, 3, 5
What are the prime factors of (36/15 - 0)/((-2)/(-135))?
2, 3
Let w(k) = 22*k**2 - 3*k. List the prime factors of w(2).
2, 41
Let i(b) = -b**3 + 6*b**2 + 7*b + 1. What are the prime factors of i(6)?
43
Let g(a) = 2*a + 11. What are the prime factors of g(15)?
41
Let d = 403 + -281. List the prime factors of d.
2, 61
Let h(m) = -2*m + 1 - 3*m**2 + 4*m**2 + 3*m. Suppose 4*p = -3*o, 0 = -2*p - 3*o + 4*o - 10. What are the prime factors of h(p)?
7
Let v(x) = x + 6. Let j be v(-6). Suppose j = 3*l - 2 - 4. What are the prime factors of l?
2
Let n = 44 + 11. List the prime factors of n.
5, 11
Suppose -2*f + 10 = 2*y, 3 - 2 = f. Let d be (-2)/(-4) - (-6)/4. Suppose -2*m + d*x + 2 = -2*x, x = y*m - 18. List the prime factors of m.
5
Suppose 0 = -3*m + 5*m - 24. Let g = -4 + m. What are the prime factors of g?
2
Let j = 119 - 62. List the prime factors of j.
3, 19
Suppose -3*h + 123 = d, 5*d - 23 = -8. Suppose -4*q + 11 = -5*v - 17, -3*q - v = -h. List the prime factors of q.
2, 3
Let o = -51 - -72. List the prime factors of o.
3, 7
What are the prime factors of 3 - (5 + 0 + -4)?
2
Let a be (-2)/4 - (-14)/4. Suppose a*x = -37 + 1. What are the prime factors of (-2)/(-8) - 81/x?
7
Let b = -207 + 443. What are the prime factors of b?
2, 59
Let g = 189 - 114. What are the prime factors of g?
3, 5
Suppose 3*m - 2*q - 48 = 0, 5*q + 0*q = -m + 16. What are the prime factors of m?
2
Suppose 4*y - 11 = 1. Suppose -2*o = -f + 7, -o = -2 + y. Suppose g + 12 = f*g. What are the prime factors of g?
3
Suppose 3*l - 2*o - 76 = 0, 2*o - 6 = -16. Let a = l - 10. What are the prime factors of a?
2, 3
Let u = 26 - -1. Let j = 43 - 25. Let h = u - j. What are the prime factors of h?
3
What are the prime factors of (-142)/(-6)*(-5 + 3 + 5)?
71
Let d(u) = -u**2 + 7*u - 2. Let l be d(6). Suppose -5*z + 13 = -l*o, 5*z - 18 = o + 4. What are the prime factors of (-2)/(-3)*o + 1?
3
Suppose 7*a - 96 = 3*a. What are the prime factors of a?
2, 3
Let j = -4 + 6. Suppose j*z + z = 66. Suppose 0*h + 2*h = z. List the prime factors of h.
11
Let m = 221 - 104. What are the prime factors of m?
3, 13
Let c(i) = 12*i. Let w be c(1). Let t = -1 + w. What are the prime factors of t?
11
Suppose g - 1 = 3*q + 5, 0 = 5*g - 2*q - 17. Suppose 0 = -g*n + k - 3*k + 129, 2*n + 5*k = 75. What are the prime factors of n?
3, 5
Let r(k) = -2*k - 12. Let s be r(-8). Suppose -5*o - s*x + 110 = 0, -5*x = -1 - 24. What are the prime factors of o?
2, 3
Let a(d) = 22*d + 3. List the prime factors of a(13).
17
Suppose 2*j = 4*j - 4. Suppose -3*d - d - i + 109 = 0, -52 = -j*d + 2*i. What are the prime factors of d?
3
Let z(u) = u**2 + 8*u - 1. Let h(m) = -4*m**2 + 3*m - 1. Let d be h(2). Let y(r) = r**3 + 10*r**2 - 10*r + 2. Let f be y(d). What are the prime factors of z(f)?
2
Let j be (-195)/(-9) - 2/3. Let i = -8 + 12. Suppose h = i*h - j. List the prime factors of h.
7
Let m = 382 - 221. What are the prime factors of m?
7, 23
Let y = 7 - 2. What are the prime factors of y?
5
Let m be 2*(-2)/4 - 7. Let i = m - -12. List the prime factors of 261/36 + 3/i.
2
Let l = 17 + -24. Let x = l + 12. Suppose 0*d - x*t = 4*d - 3, -3*d - 2*t = -11. What are the prime factors of d?
7
Let t(k) = 21*k**3 + k - 1. Let x be t(1). List the prime factors of (1 - 4/6)*x.
7
Let v(w) = -w**3 - 3*w**2 - 2*w. What are the prime factors of v(-3)?
2, 3
Let w(q) = q**3 + 11*q**2 - 3*q - 27. List the prime factors of w(-11).
2, 3
Let i = -195 + 278. List the prime factors of i.
83
Let w = -4 + 8. Let y(q) = q**3 - 8*q**2 - 9*q + 2. Let h be y(9). Suppose h*o - 2*r = -r + 33, 60 = 4*o - w*r. List the prime factors of o.
2, 3
Suppose -q - 3*q + 124 = 0. List the prime factors of q.
31
Let n = 2 + 0. Suppose 0 = 2*l - 6*l - n*b + 86, 3*b = -4*l + 83. What are the prime factors of l?
23
Suppose -4*k - 17 = 3*j - 187, -k = -5*j + 245. What are the prime factors of j?
2, 5
Let k(b) = -b - 1. Suppose 5*w - w + 16 = 0. Let v be k(w). Suppose -34 = -2*n - 0*n - 4*c, 5*c = v*n - 29. What are the prime factors of n?
13
Let l = 25 + 31. What are the prime factors of l?
2, 7
Suppose 0 = 5*s - 0*i + 5*i - 1470, s - 4*i = 274. What are the prime factors of s?
2, 5, 29
Let s(w) = -w**3 - 6*w**2 - 3*w. What are the prime factors of s(-6)?
2, 3
Let n = 1089 